 = y - 31. What is the units digit of o?
8
Let c = -52 - -66. What is the units digit of c?
4
Let d(m) = -14*m - 84. What is the tens digit of d(-21)?
1
Let p be (-3)/9 - 32/(-6). Suppose a + 0*a - p = 0. Suppose a = 4*m - 11. What is the units digit of m?
4
What is the units digit of (-6784)/(-72) - (-4)/(-18)?
4
Suppose 8*p - 168 = -0*p. What is the units digit of p?
1
Let q(g) = -g**3 - 6*g**2 + 4*g - 7. Let v = -20 - -13. What is the units digit of q(v)?
4
Suppose -x + 5*x = 0. Suppose -2*m - 8 = x, -4*w - m = -4*m - 52. Suppose 0 + w = 2*c. What is the units digit of c?
5
Suppose -2*q + 4*q = 4. Suppose q*i - i = 0. What is the units digit of i/2 + 1*8?
8
What is the tens digit of 3110/12 + 7/(-42)?
5
What is the tens digit of 166 + -3 + (-2 - -7)?
6
Let d = 86 - 73. What is the tens digit of d?
1
Suppose -2*a = -578 + 82. What is the hundreds digit of a?
2
Suppose n - 35 = -5. What is the tens digit of n?
3
Suppose 272 = -14*g + 22*g. What is the units digit of g?
4
Let l(d) = -13*d + 2*d**2 - 5 - 2 - 3*d**2. Let u be l(-9). Let g = u + -21. What is the units digit of g?
8
Let m be 18/3*1/3. Suppose m + 0 = v. What is the units digit of v?
2
Let a = -66 + 145. What is the tens digit of a?
7
Suppose 9*z - 6*z - 72 = 0. What is the units digit of z?
4
Let u(b) = b**3. Let h(q) = 5*q**3 - 2*q**2 + q - 4. Let k(v) = h(v) - 6*u(v). What is the units digit of k(-3)?
2
What is the units digit of (64/(-24))/((-2)/51)?
8
Suppose 3 = v + 11. Let b be (9 - 2)*(3 - 0). Let k = b + v. What is the tens digit of k?
1
What is the units digit of ((-39)/2)/((-3)/6)?
9
Let z = 4 - 4. Suppose 0 = -4*f + 7*f, -3*u = 5*f - 6. Let t = z + u. What is the units digit of t?
2
What is the units digit of (-30)/(1 - 2 - 0)?
0
Suppose -5*v - 18 = 22. What is the units digit of (0 - -4)*(-2)/v?
1
Suppose 0*v + 4*v = 8. Suppose -v*n = -3*n + 5. Suppose 4*p = 3*p + i + n, -2*p - 2 = i. What is the units digit of p?
1
Let v be 18/5 + (-34)/(-85). Suppose 1 = -v*h + 25. What is the units digit of h?
6
Let d(f) = -f**3 - f - 23. Let i be d(0). Let y = i + 37. Suppose k - y = -k. What is the units digit of k?
7
Let o(b) = 4*b + 4. Let z be o(6). Suppose -47 = -5*m + z. What is the units digit of m?
5
Let b(k) = 2*k + 6. Let a(u) = 3*u + 7. Let f(m) = 3*a(m) - 4*b(m). Let w = 3 + 1. What is the units digit of f(w)?
1
Let w(h) = -2*h + 10. Let k(u) = 2*u - 11. Let n(g) = -4*k(g) - 5*w(g). What is the units digit of n(11)?
6
Let l(i) = 2*i + 1. Let r be l(1). Suppose r*b + 6 = z + 4*z, -z + 12 = 3*b. Suppose 29 - 5 = z*o. What is the units digit of o?
8
Let y(z) = -2*z**3 - 2*z**2 - 2*z - 1. Let s(h) = h**3 + 1. Let l(v) = -s(v) - y(v). Let w be l(-2). Let n = w - -9. What is the units digit of n?
5
Suppose 2*u + 18 = 3*p, p = -p + 5*u + 23. Suppose 0*l - p*l = -8. What is the units digit of l?
2
Suppose -1 = 3*y - 16, -3*o + 2*y + 20 = 0. Suppose 0*l + o = 2*l. Suppose 4*q + 7 = l*a, -a + q + 3*q - 5 = 0. What is the units digit of a?
3
Let m(w) = w + 6. What is the tens digit of m(7)?
1
Let p be 1/5 + 21/(-5). Let v(c) = c + 1. Let s(u) = -3. Let h(j) = -s(j) - 4*v(j). What is the units digit of h(p)?
5
Let v(r) = -2*r + 84. Let b be v(0). Suppose 15*i - 11*i - b = 0. What is the units digit of i?
1
Let s(x) = -14*x**2 - x - 2. Let o be s(2). Let q = 95 + o. What is the units digit of q?
5
Suppose -3*k = 2*y - 11, 0 = -2*y - 3*y + 4*k + 16. Suppose 5*b = 21 + y. What is the units digit of b?
5
Let p be 16/(-3 + 5) + -1. Let m = p + -3. Suppose 30 = t + m*z, 0 = t - z + 1 - 6. What is the tens digit of t?
1
Let y = 9 - 5. Suppose 0 = y*f - 5*f - 2. What is the units digit of 2/f - (-13 + 3)?
9
Let p(h) = 22*h - 22. What is the units digit of p(13)?
4
Suppose 0 = -0*b - 4*b - 3*g + 53, 2*b - g - 29 = 0. Suppose -b = -2*w + w. Let n = -10 + w. What is the units digit of n?
4
Let h = -119 + 205. What is the tens digit of h?
8
Let s = -220 + 359. What is the tens digit of s?
3
Let g(u) = -2*u - 1. Let a be g(-2). Suppose a*j - i - 45 = 0, 0 = -5*j + i + 51 + 26. What is the tens digit of j?
1
Let g be 204/48 - (-2)/(-8). Suppose 3*l + i = -0*i + 110, 3*l - 130 = g*i. What is the units digit of l?
8
Let h be (4/(-6))/(2/(-93)). Let z = -18 + h. What is the tens digit of z?
1
Suppose 34 - 2 = -r. Let x be r/(-20)*5/2. Suppose -x*d + 8 = -8. What is the units digit of d?
4
Suppose -2 = -4*u + 10. Suppose -9 = -2*o + 3*r - u, -5*o + 3*r = -15. What is the units digit of o?
3
Let s(b) = b - 1. Let o(k) = -9*k + 2. Let j(r) = -o(r) - 4*s(r). Let a(g) = g**3 - 27*g**2 + 24*g + 54. Let c be a(26). What is the units digit of j(c)?
2
Suppose -j = -7 - 5. Suppose 3*i - j = -i. Suppose -i*o + 16 + 14 = 0. What is the tens digit of o?
1
Let k = -4 + 7. Suppose -b + 2*q + 36 - 1 = 0, -k*b - 3*q = -69. Suppose -5*a + 10 = m - b, -3*a + 3*m = -33. What is the units digit of a?
8
Suppose 3*g = 5*g - 6. Let f be (-20)/g*(-24)/20. Suppose f = -3*d + 38. What is the tens digit of d?
1
Suppose 0 = 3*y - 3*j - 471, -3*j = -0*j + 3. Suppose -y = 2*o - 5*o + 3*l, 0 = 2*o - 4*l - 104. What is the tens digit of o?
5
Suppose -2*f = 179 - 721. What is the units digit of f?
1
Suppose -2*w = -2*f - 32, -6 - 14 = -w - f. What is the tens digit of w?
1
What is the units digit of (-9)/(27/(-762)) - 4?
0
Let y(f) = -f**3 - 2*f**2 + 3*f + 4. Suppose 2*s + 9 = -s. What is the units digit of y(s)?
4
Suppose 4 - 1 = n. Suppose -5*p + 25 = -5*s, -p + 23 = n*s + 2. Let d = p + 0. What is the units digit of d?
9
Suppose j - 2*u = -56 + 353, 1503 = 5*j - u. What is the units digit of j?
1
What is the tens digit of (-1)/(-4) + 22/(-16)*-66?
9
Let l = 0 - 1. Let m be 1/(l/3*1). Let t(h) = 2*h**2 + 3*h - 3. What is the units digit of t(m)?
6
Let h(a) = 1 - 2*a + 3*a + 5*a**2 - a - 2*a. Let i be h(-2). Suppose 10 = -5*u + i. What is the units digit of u?
3
Suppose 4*w = j + 79, -4*w - 4*j + 85 = j. What is the tens digit of w?
2
Let k(g) = -18*g + 2. What is the tens digit of k(-4)?
7
Let l be (2/4*4)/(-1). Let v = l - -5. Suppose 0 = 3*s - v - 0. What is the units digit of s?
1
Let n(f) = 2*f + 17. Let l be n(0). Suppose -l = 3*t - 4*t. What is the tens digit of t?
1
Let j = -24 - -12. Let r = 18 + j. What is the units digit of r?
6
Suppose -5 = -3*l - 2. What is the units digit of (2*l/(-2))/(-1)?
1
Let f = -3 - -1. Let j be 2/(-6) - f/6. Let d = j + 13. What is the units digit of d?
3
Let x be (8/(-6))/((-2)/3). Suppose -3*m - 4*k + 1 = 0, 2*m - 5*k = -3*k + 10. Suppose -o - 4*u = -m*u + x, u = -2*o. What is the units digit of o?
2
What is the tens digit of (-91)/(-2)*(1 + (-25)/(-35))?
7
Let l = -9 + 8. Let y(o) = 9*o + 1. Let f be y(l). Let k = f - -24. What is the tens digit of k?
1
Let m = 137 - 97. What is the tens digit of m?
4
Let i(k) = k + 5. Let h(g) = -g**2 + 7*g - 7. Let j be h(5). What is the units digit of i(j)?
8
Let y(x) be the third derivative of x**7/315 - x**5/120 + x**4/24 - x**2. Let d(f) be the second derivative of y(f). What is the units digit of d(-1)?
7
Let m be 3 + -4 - -3 - 5. Let b be 1*m*(-2)/(-6). Let q = 0 - b. What is the units digit of q?
1
Let y be ((-4)/(-5))/(6/75). Suppose y = -4*t + 6*t. What is the units digit of t?
5
Suppose 5*v + 47 + 155 = 2*t, -t = -2*v - 103. What is the tens digit of t?
1
Suppose 2*b - 760 = -0*t - 4*t, -2*t + 5*b + 356 = 0. Suppose 3*v - t = -68. What is the tens digit of v?
4
Suppose 5 = 5*d + 5*q, q + 4 = d + 3*q. Let p be (-3 - 5/d)*4. What is the units digit of (4/p)/(6/(-9))?
3
Suppose 0*c + c - 4*v = 93, 2*v + 4 = 0. What is the units digit of c?
5
Let s(k) = k**2 + k - 4. Suppose -16 = w + 3*w - 2*n, -n - 7 = 3*w. Let g be s(w). Suppose 3*m - 33 = 4*h, 0 = -g*h - 2 - 4. What is the units digit of m?
7
Suppose 5*i + 2 = 3*u, -4*u + 13 = 5*i - 13. Suppose 43 = u*s - 17. What is the units digit of s?
5
Suppose -5*w - 6 + 41 = 0. What is the units digit of w?
7
Suppose 1 + 7 = 4*k. Let r be 66/9 + k/3. Suppose -r = 3*p - 38. What is the tens digit of p?
1
What is the tens digit of 78/2 - 51/(-17)?
4
Suppose 0 = r - 2*m - 12, -4*r + 3*m + 24 = m. What is the units digit of (2/r)/((-2)/(-16))?
4
Let d(h) = h - h + 3*h. Let b be d(-1). Let n(p) = p**3 + 5*p**2 + 4*p. What is the units digit of n(b)?
6
Suppose 6*z - 20 = z, 4*m - z - 72 = 0. What is the un